{"id":206,"date":"2020-03-23T11:38:19","date_gmt":"2020-03-23T11:38:19","guid":{"rendered":"https:\/\/demosites.io\/charity-gb\/?page_id=206"},"modified":"2025-03-18T18:09:55","modified_gmt":"2025-03-18T18:09:55","slug":"05700-home","status":"publish","type":"page","link":"https:\/\/www.talouspoliittinen.fi\/","title":{"rendered":"Etusivu"},"content":{"rendered":"\n<div class=\"wp-block-themeisle-blocks-advanced-columns alignfull has-1-columns has-desktop-equal-layout has-tablet-equal-layout has-mobile-equal-layout has-default-gap has-vertical-unset\" id=\"wp-block-themeisle-blocks-advanced-columns-e3cecc74\"><div class=\"wp-block-themeisle-blocks-advanced-columns-overlay\"><\/div><div class=\"innerblocks-wrap\">\n<div class=\"wp-block-themeisle-blocks-advanced-column\" id=\"wp-block-themeisle-blocks-advanced-column-f2ce43a5\">\n<h4 class=\"has-white-color has-text-color\"> <img loading=\"lazy\" width=\"1384\" height=\"1084\" class=\"wp-image-340\" style=\"width: 100px;\" src=\"https:\/\/www.talouspoliittinen.fi\/wp-content\/uploads\/2021\/05\/Kokoomus-logo.jpg\" alt=\"\" srcset=\"https:\/\/www.talouspoliittinen.fi\/wp-content\/uploads\/2021\/05\/Kokoomus-logo.jpg 1384w, https:\/\/www.talouspoliittinen.fi\/wp-content\/uploads\/2021\/05\/Kokoomus-logo-300x235.jpg 300w, https:\/\/www.talouspoliittinen.fi\/wp-content\/uploads\/2021\/05\/Kokoomus-logo-1024x802.jpg 1024w, https:\/\/www.talouspoliittinen.fi\/wp-content\/uploads\/2021\/05\/Kokoomus-logo-768x602.jpg 768w\" sizes=\"(max-width: 1384px) 100vw, 1384px\" \/> <\/h4>\n\n\n\n<h4 class=\"has-white-color has-text-color\"> <strong>TALPOL RY<\/strong> <\/h4>\n\n\n\n<h1 id=\"wp-block-themeisle-blocks-advanced-heading-7f14a107\" class=\"wp-block-themeisle-blocks-advanced-heading wp-block-themeisle-blocks-advanced-heading-7f14a107\">Turun <br>Talouspoliittinen Kansallisseura <\/h1>\n\n\n\n<div style=\"height:1px\" aria-hidden=\"true\" class=\"wp-block-spacer\"><\/div>\n\n\n\n<p class=\"has-white-color has-text-color\" style=\"font-size:18px\"><\/p>\n\n\n\n<div style=\"height:1px\" aria-hidden=\"true\" class=\"wp-block-spacer\"><\/div>\n\n\n\n<div id=\"wp-block-themeisle-blocks-button-group-692269fc\" class=\"wp-block-themeisle-blocks-button-group wp-block-buttons\">\n<div id=\"wp-block-themeisle-blocks-button-af8e0663\" class=\"wp-block-themeisle-blocks-button wp-block-button\"><a href=\"https:\/\/vaalit.fi\/alue-ja-kuntavaalit\" target=\"_self\" rel=\"noopener noreferrer\" class=\"wp-block-button__link\"><span>\u00c4\u00c4NEST\u00c4 KUNTA- JA<br>ALUEVAALEISSA 13.4.2025<\/span><\/a><\/div>\n<\/div>\n<\/div>\n<\/div><\/div>\n\n\n\n<div class=\"wp-block-themeisle-blocks-advanced-columns alignfull has-2-columns has-desktop-equal-layout has-tablet-equal-layout has-mobile-collapsedRows-layout has-default-gap has-vertical-center\" id=\"wp-block-themeisle-blocks-advanced-columns-7b826826\"><div class=\"wp-block-themeisle-blocks-advanced-columns-overlay\"><\/div><div class=\"innerblocks-wrap\">\n<div class=\"wp-block-themeisle-blocks-advanced-column\" id=\"wp-block-themeisle-blocks-advanced-column-e67ceced\">\n<figure class=\"wp-block-image size-full\"><img loading=\"lazy\" width=\"1024\" height=\"997\" src=\"https:\/\/www.talouspoliittinen.fi\/wp-content\/uploads\/2022\/11\/sydan_kuutio_syvatty.jpg\" alt=\"\" class=\"wp-image-523\" srcset=\"https:\/\/www.talouspoliittinen.fi\/wp-content\/uploads\/2022\/11\/sydan_kuutio_syvatty.jpg 1024w, https:\/\/www.talouspoliittinen.fi\/wp-content\/uploads\/2022\/11\/sydan_kuutio_syvatty-300x292.jpg 300w, https:\/\/www.talouspoliittinen.fi\/wp-content\/uploads\/2022\/11\/sydan_kuutio_syvatty-768x748.jpg 768w\" sizes=\"(max-width: 1024px) 100vw, 1024px\" \/><\/figure>\n<\/div>\n\n\n\n<div class=\"wp-block-themeisle-blocks-advanced-column\" id=\"wp-block-themeisle-blocks-advanced-column-ef14bd68\">\n<h1 id=\"wp-block-themeisle-blocks-advanced-heading-a9d61d96\" class=\"wp-block-themeisle-blocks-advanced-heading wp-block-themeisle-blocks-advanced-heading-a9d61d96\">KUNTA- JA ALUEVAALIT 2025<\/h1>\n\n\n\n<p class=\"has-neve-text-color-color has-text-color has-medium-font-size\"><strong>Vaikuta Turun ja Varsinais-Suomen tulevaisuuteen! <\/strong><\/p>\n\n\n\n<p class=\"has-neve-text-color-color has-text-color has-medium-font-size\"><strong>Meit\u00e4 ohjaa sek\u00e4 syd\u00e4n ett\u00e4 laskutaito &#8211; olemme oikealla asialla.<\/strong><\/p>\n\n\n\n<p>Mist\u00e4 syntyy se kaikille hyv\u00e4 arki? Lasten riemu leikkipuistossa, hyv\u00e4t koulut, hoivapalvelut kaikenik\u00e4isille?<\/p>\n\n\n\n<p>Se ei johdu yksitt\u00e4isest\u00e4 puolueesta, ei edes kokoomuksesta. Sen synty\u00e4 ruokkii kuitenkin kokoomuslainen politiikka, taito ja tahto tehd\u00e4 oikeita p\u00e4\u00e4t\u00f6ksi\u00e4 oikeaan aikaan. My\u00f6s niit\u00e4 vaikeita, joissa on pidett\u00e4v\u00e4 p\u00e4\u00e4 kylm\u00e4n\u00e4, mutta syd\u00e4n l\u00e4mpim\u00e4n\u00e4.<\/p>\n\n\n\n<p>Suomalaisen syd\u00e4n on siell\u00e4 miss\u00e4 koti on.<\/p>\n\n\n\n<p>Tutustu Turun Kokoomuksen kuntavaaliehdokkaisiin <a href=\"https:\/\/www.kokoomus.fi\/kuntavaalit\/kunnat\/turku\/\" data-type=\"URL\" data-id=\"https:\/\/www.kokoomus.fi\/kuntavaalit\/kunnat\/turku\/\">t\u00e4\u00e4ll\u00e4 <\/a>ja Varsinais-Suomen aluevaalien ehdokkaisiin <a href=\"https:\/\/www.kokoomus.fi\/aluevaalit\/alueet\/varsinais-suomi\/\" data-type=\"URL\" data-id=\"https:\/\/www.kokoomus.fi\/aluevaalit\/alueet\/varsinais-suomi\/\">t\u00e4\u00e4ll\u00e4<\/a>.<\/p>\n\n\n\n<p>Hyvi\u00e4 ehdokkaita ovat my\u00f6s Turun Talouspoliittisen Kansalliseuran vaikuttajat <strong><a href=\"https:\/\/www.kokoomus.fi\/ehdokas\/anne-aholainen\/\" data-type=\"URL\" data-id=\"https:\/\/www.kokoomus.fi\/ehdokas\/anne-aholainen\/\">Anne Aholainen<\/a><\/strong> ja <a href=\"https:\/\/www.kokoomus.fi\/ehdokas\/nora-viikari\/\" data-type=\"URL\" data-id=\"https:\/\/www.kokoomus.fi\/ehdokas\/nora-viikari\/\"><strong>Nora Viikari!<\/strong><\/a><\/p>\n\n\n\n<p>\u00c4\u00e4nest\u00e4m\u00e4ll\u00e4 vaikutat!<\/p>\n\n\n\n<p><\/p>\n\n\n\n<p class=\"has-text-align-center\">&#8212;&#8212;-<\/p>\n\n\n\n<p class=\"has-neve-text-color-color has-text-color\"><em>Turun Talouspoliittinen Kansallisseura korostaa vastuullista talouspolitiikkaa, jossa tiukan taloudenpidon oloissakin turvataan maamme turvallisuus ja kuntien elinvoimaisuus sek\u00e4 luodaan kest\u00e4v\u00e4 toimintamalli hyvinvointialueiden ty\u00f6lle.<\/em><\/p>\n\n\n\n<div style=\"height:20px\" aria-hidden=\"true\" class=\"wp-block-spacer\"><\/div>\n<\/div>\n<\/div><\/div>\n\n\n\n<div class=\"wp-block-themeisle-blocks-advanced-columns alignfull has-1-columns has-desktop-equal-layout has-tablet-equal-layout has-mobile-equal-layout has-default-gap has-vertical-unset\" id=\"wp-block-themeisle-blocks-advanced-columns-80acf2d8\"><div class=\"wp-block-themeisle-blocks-advanced-columns-overlay\"><\/div><div class=\"innerblocks-wrap\">\n<div class=\"wp-block-themeisle-blocks-advanced-column\" id=\"wp-block-themeisle-blocks-advanced-column-a04d1d26\">\n<h4 class=\"has-text-align-center has-neve-text-color-color has-text-color\"> Turun talouspoliittinen kansallisseura<\/h4>\n\n\n\n<h4 class=\"has-text-align-center has-nv-dark-bg-color has-text-color\">&#8221;vastuullinen taloudenhoito on elinvoimaisen kaupungin perusta&#8221; <\/h4>\n\n\n\n<div style=\"height:20px\" aria-hidden=\"true\" class=\"wp-block-spacer\"><\/div>\n\n\n\n<h2 id=\"wp-block-themeisle-blocks-advanced-heading-86a5c2a3\" class=\"wp-block-themeisle-blocks-advanced-heading wp-block-themeisle-blocks-advanced-heading-86a5c2a3\"> <\/h2>\n<\/div>\n<\/div><\/div>\n\n\n\n<div class=\"wp-block-themeisle-blocks-advanced-columns alignfull has-3-columns has-desktop-equal-layout has-tablet-equal-layout has-mobile-collapsedRows-layout has-default-gap has-vertical-unset\" id=\"wp-block-themeisle-blocks-advanced-columns-0a056d44\"><div class=\"wp-block-themeisle-blocks-advanced-columns-overlay\"><\/div><div class=\"innerblocks-wrap\">\n<div class=\"wp-block-themeisle-blocks-advanced-column\" id=\"wp-block-themeisle-blocks-advanced-column-f4eb6a43\">\n<div class=\"wp-block-themeisle-blocks-service\">\n<p class=\"wp-block-themeisle-blocks-font-awesome-icons\" id=\"wp-block-themeisle-blocks-font-awesome-icons-c4e1b7c1\"><span class=\"wp-block-themeisle-blocks-font-awesome-icons-container\"><i class=\"far fa-life-ring\"><\/i><\/span><\/p>\n\n\n\n<h4 id=\"wp-block-themeisle-blocks-advanced-heading-fde6bab9\" class=\"wp-block-themeisle-blocks-advanced-heading wp-block-themeisle-blocks-advanced-heading-fde6bab9\"> TEEMAMME <\/h4>\n\n\n\n<p id=\"wp-block-themeisle-blocks-advanced-heading-23ca915e\" class=\"wp-block-themeisle-blocks-advanced-heading wp-block-themeisle-blocks-advanced-heading-23ca915e\">Hyv\u00e4 talous mahdollistaa hyv\u00e4n arjen meille kaikille.<br><br>Ty\u00f6 luo vaurautta ja rakentaa kest\u00e4v\u00e4\u00e4 yhteiskuntaa.<br><br>Oikeilla p\u00e4\u00e4t\u00f6ksill\u00e4 turvataan hyvinvointi, siksi vaikuttaminen p\u00e4\u00e4t\u00f6ksentekoon on t\u00e4rke\u00e4\u00e4.<br><br><strong><a href=\"https:\/\/www.talouspoliittinen.fi\/index.php\/teemamme\/\" data-type=\"URL\" data-id=\"https:\/\/www.talouspoliittinen.fi\/index.php\/teemamme\/\">LIS\u00c4\u00c4 TEEMOISTA<\/a><\/strong><\/p>\n<\/div>\n<\/div>\n\n\n\n<div class=\"wp-block-themeisle-blocks-advanced-column\" id=\"wp-block-themeisle-blocks-advanced-column-468505cc\">\n<p class=\"wp-block-themeisle-blocks-font-awesome-icons\" id=\"wp-block-themeisle-blocks-font-awesome-icons-b11d7c7d\"><span class=\"wp-block-themeisle-blocks-font-awesome-icons-container\"><i class=\"fas fa-leaf\"><\/i><\/span><\/p>\n\n\n\n<h4 id=\"wp-block-themeisle-blocks-advanced-heading-5d828543\" class=\"wp-block-themeisle-blocks-advanced-heading wp-block-themeisle-blocks-advanced-heading-5d828543\"> TALPOL ry<\/h4>\n\n\n\n<p id=\"wp-block-themeisle-blocks-advanced-heading-2f503e7a\" class=\"wp-block-themeisle-blocks-advanced-heading wp-block-themeisle-blocks-advanced-heading-2f503e7a\"> Turun Talouspoliittinen Kansallisseura ry (TalPol) on yksi Kokoomuksen suurimpia paikallisyhdistyksi\u00e4 Turussa. Meille on t\u00e4rke\u00e4\u00e4 hyvinvoiva ja elinvoimainen kaupunki. Olemme yleispoliittinen yhdistys, joka haluaa kehitt\u00e4\u00e4 my\u00f6s talousl\u00e4ht\u00f6ist\u00e4 keskustelua.<br><br><strong><a href=\"https:\/\/www.talouspoliittinen.fi\/index.php\/talpol-hallitus\/\" data-type=\"URL\" data-id=\"https:\/\/www.talouspoliittinen.fi\/index.php\/talpol-hallitus\/\">KEIT\u00c4 ME OLEMME<\/a><\/strong><\/p>\n<\/div>\n\n\n\n<div class=\"wp-block-themeisle-blocks-advanced-column\" id=\"wp-block-themeisle-blocks-advanced-column-284daef1\">\n<p class=\"wp-block-themeisle-blocks-font-awesome-icons\" id=\"wp-block-themeisle-blocks-font-awesome-icons-6ac22694\"><span class=\"wp-block-themeisle-blocks-font-awesome-icons-container\"><i class=\"far fa-life-ring\"><\/i><\/span><\/p>\n\n\n\n<h4 id=\"wp-block-themeisle-blocks-advanced-heading-7ac3b2b2\" class=\"wp-block-themeisle-blocks-advanced-heading wp-block-themeisle-blocks-advanced-heading-7ac3b2b2\"> LIITY MUKAAN  <\/h4>\n\n\n\n<p id=\"wp-block-themeisle-blocks-advanced-heading-b1d6b4f1\" class=\"wp-block-themeisle-blocks-advanced-heading wp-block-themeisle-blocks-advanced-heading-b1d6b4f1\"> Oletko kiinnostunut vaikuttamaan Turun suuntaan? <br><br>TalPol ottaa mielell\u00e4\u00e4n uusia j\u00e4seni\u00e4, jotka rakentavat vastuullista huomista Turussa, Suomen parhaassa kaupungissa.<br>Tervetuloa mukaan!<br><br><a href=\"https:\/\/www.talouspoliittinen.fi\/index.php\/tietoa-jasenyydesta\/\"><strong>HALUAN LIS\u00c4TIETOA J\u00c4SENYYDEST\u00c4<\/strong><\/a><\/p>\n<\/div>\n<\/div><\/div>\n\n\n\n<div class=\"wp-block-themeisle-blocks-advanced-columns alignfull has-1-columns has-desktop-equal-layout has-tablet-equal-layout has-mobile-equal-layout has-default-gap has-vertical-unset\" id=\"wp-block-themeisle-blocks-advanced-columns-580e4ca0\"><div class=\"wp-block-themeisle-blocks-advanced-columns-overlay\"><\/div><div class=\"innerblocks-wrap\">\n<div class=\"wp-block-themeisle-blocks-advanced-column\" id=\"wp-block-themeisle-blocks-advanced-column-e953b3e7\">\n<h4 class=\"has-text-align-center has-nv-text-dark-bg-color has-text-color\"> <strong>TURUN TALOUs LYHYESTI<\/strong> <\/h4>\n<\/div>\n<\/div><\/div>\n\n\n\n<div class=\"wp-block-themeisle-blocks-advanced-columns alignfull has-3-columns has-desktop-equal-layout has-tablet-equal-layout has-mobile-collapsedRows-layout has-default-gap has-vertical-unset\" id=\"wp-block-themeisle-blocks-advanced-columns-0d75feb0\"><div class=\"wp-block-themeisle-blocks-advanced-columns-overlay\"><\/div><div class=\"innerblocks-wrap\">\n<div class=\"wp-block-themeisle-blocks-advanced-column\" id=\"wp-block-themeisle-blocks-advanced-column-a66c73d0\">\n<h1 id=\"wp-block-themeisle-blocks-advanced-heading-c809118b\" class=\"wp-block-themeisle-blocks-advanced-heading wp-block-themeisle-blocks-advanced-heading-c809118b\">7,10<\/h1>\n\n\n\n<p class=\"has-text-align-center has-neve-link-hover-color-color has-text-color\" style=\"font-size:15px\"><strong> VERO\u00c4YRI <\/strong><\/p>\n<\/div>\n\n\n\n<div class=\"wp-block-themeisle-blocks-advanced-column\" id=\"wp-block-themeisle-blocks-advanced-column-61ef149b\">\n<h1 id=\"wp-block-themeisle-blocks-advanced-heading-42338202\" class=\"wp-block-themeisle-blocks-advanced-heading wp-block-themeisle-blocks-advanced-heading-42338202\">201 863<\/h1>\n\n\n\n<p class=\"has-text-align-center has-neve-link-hover-color-color has-text-color\"> <strong>ASUKKAITA<\/strong> (Tilastokeskus\/2023) <\/p>\n<\/div>\n\n\n\n<div class=\"wp-block-themeisle-blocks-advanced-column\" id=\"wp-block-themeisle-blocks-advanced-column-28ba00fd\">\n<h1 id=\"wp-block-themeisle-blocks-advanced-heading-0ee23a31\" class=\"wp-block-themeisle-blocks-advanced-heading wp-block-themeisle-blocks-advanced-heading-0ee23a31\">4 276\u20ac<\/h1>\n\n\n\n<p class=\"has-text-align-center has-neve-link-hover-color-color has-text-color\"> <strong>VELKAA\/ASUKAS<\/strong> (2023)<\/p>\n<\/div>\n<\/div><\/div>\n\n\n\n<p><\/p>\n","protected":false},"excerpt":{"rendered":"","protected":false},"author":1,"featured_media":30,"parent":0,"menu_order":0,"comment_status":"closed","ping_status":"closed","template":"page-templates\/template-pagebuilder-full-width.php","meta":{"neve_meta_sidebar":"full-width","neve_meta_container":"contained","neve_meta_enable_content_width":"on","neve_meta_content_width":100,"neve_meta_title_alignment":"","neve_meta_author_avatar":"","neve_post_elements_order":"","neve_meta_disable_header":"","neve_meta_disable_footer":"","neve_meta_disable_title":"on","_themeisle_gutenberg_block_has_review":false,"_ti_tpc_template_sync":false,"_ti_tpc_template_id":"6l4bhddo3eoegs66r5y6"},"_links":{"self":[{"href":"https:\/\/www.talouspoliittinen.fi\/index.php\/wp-json\/wp\/v2\/pages\/206"}],"collection":[{"href":"https:\/\/www.talouspoliittinen.fi\/index.php\/wp-json\/wp\/v2\/pages"}],"about":[{"href":"https:\/\/www.talouspoliittinen.fi\/index.php\/wp-json\/wp\/v2\/types\/page"}],"author":[{"embeddable":true,"href":"https:\/\/www.talouspoliittinen.fi\/index.php\/wp-json\/wp\/v2\/users\/1"}],"replies":[{"embeddable":true,"href":"https:\/\/www.talouspoliittinen.fi\/index.php\/wp-json\/wp\/v2\/comments?post=206"}],"version-history":[{"count":103,"href":"https:\/\/www.talouspoliittinen.fi\/index.php\/wp-json\/wp\/v2\/pages\/206\/revisions"}],"predecessor-version":[{"id":562,"href":"https:\/\/www.talouspoliittinen.fi\/index.php\/wp-json\/wp\/v2\/pages\/206\/revisions\/562"}],"wp:featuredmedia":[{"embeddable":true,"href":"https:\/\/www.talouspoliittinen.fi\/index.php\/wp-json\/wp\/v2\/media\/30"}],"wp:attachment":[{"href":"https:\/\/www.talouspoliittinen.fi\/index.php\/wp-json\/wp\/v2\/media?parent=206"}],"curies":[{"name":"wp","href":"https:\/\/api.w.org\/{rel}","templated":true}]}}